) to base 7.
5
-1 (base 14) to base 10
-1
Convert 2301 (base 5) to base 10.
326
What is 2 (base 12) in base 16?
2
-1 (base 14) to base 6
-1
2 (base 10) to base 4
2
-6 (base 16) to base 3
-20
Convert 321 (base 5) to base 14.
62
Convert 1132 (base 6) to base 11.
228
Convert 2 (base 6) to base 11.
2
Convert 17 (base 15) to base 16.
16
2 (base 13) to base 15
2
Convert -61 (base 9) to base 13.
-43
-2 (base 11) to base 15
-2
What is -d (base 14) in base 15?
-d
Convert -334 (base 7) to base 16.
-ac
What is 100011101 (base 2) in base 9?
346
-9 (base 16) to base 8
-11
What is 71 (base 10) in base 3?
2122
3 (base 9) to base 3
10
92 (base 14) to base 3
11202
0 (base 14) to base 9
0
Convert -1120 (base 3) to base 7.
-60
What is 0 (base 14) in base 5?
0
-1000 (base 2) to base 12
-8
35 (base 9) to base 6
52
14 (base 13) to base 5
32
What is 3 (base 6) in base 10?
3
What is 38 (base 13) in base 6?
115
Convert -25 (base 14) to base 8.
-41
What is -16 (base 10) in base 6?
-24
-12021 (base 3) to base 16
-8e
1020 (base 5) to base 7
252
What is -1011 (base 4) in base 8?
-105
Convert 0 (base 10) to base 14.
0
2 (base 12) to base 10
2
1221 (base 3) to base 13
40
What is -193 (base 13) in base 10?
-289
Convert -2 (base 7) to base 8.
-2
-13 (base 7) to base 12
-a
100011 (base 2) to base 12
2b
What is 12 (base 5) in base 11?
7
-1b6 (base 13) to base 14
-18a
What is 4 (base 9) in base 10?
4
Convert -200 (base 4) to base 15.
-22
What is -60 (base 8) in base 10?
-48
What is -3 (base 14) in base 6?
-3
What is -133 (base 4) in base 7?
-43
What is -1 (base 14) in base 9?
-1
Convert -2 (base 15) to base 16.
-2
-5 (base 14) to base 2
-101
Convert 1 (base 11) to base 7.
1
5b (base 12) to base 16
47
What is 0 (base 2) in base 10?
0
What is 1100 (base 3) in base 11?
33
What is -113 (base 4) in base 10?
-23
Convert -3 (base 8) to base 5.
-3
What is -1 (base 7) in base 14?
-1
11001 (base 2) to base 12
21
3 (base 12) to base 10
3
What is 3 (base 12) in base 10?
3
-10 (base 10) to base 13
-a
Convert 0 (base 2) to base 6.
0
What is -7c (base 16) in base 13?
-97
What is -1 (base 11) in base 10?
-1
120 (base 3) to base 9
16
26 (base 9) to base 7
33
What is 37 (base 12) in base 11?
3a
-100 (base 3) to base 6
-13
Convert -129 (base 15) to base 11.
-220
What is -2 (base 16) in base 3?
-2
What is 85 (base 9) in base 14?
57
-1 (base 6) to base 15
-1
Convert 131 (base 5) to base 7.
56
Convert -2 (base 7) to base 5.
-2
What is 0 (base 10) in base 4?
0
4 (base 11) to base 13
4
Convert 4 (base 11) to base 15.
4
What is -15 (base 14) in base 3?
-201
Convert 0 (base 12) to base 10.
0
Convert 3 (base 8) to base 13.
3
Convert 1010111 (base 2) to base 6.
223
40 (base 10) to base 9
44
What is -1aa (base 12) in base 5?
-2044
158 (base 11) to base 6
504
73 (base 8) to base 13
47
Convert -13 (base 4) to base 6.
-11
What is 103 (base 6) in base 15?
29
What is -2 (base 12) in base 7?
-2
Convert -1001111 (base 2) to base 8.
-117
78 (base 10) to base 6
210
What is 8 (base 9) in base 6?
12
10 (base 9) to base 8
11
Convert 2 (base 6) to base 10.
2
-4 (base 11) to base 3
-11
What is 22 (base 16) in base 15?
24
Convert 0 (base 10) to base 13.
0
-21 (base 9) to base 4
-103
Convert -3 (base 14) to base 16.
-3
What is 121 (base 3) in base 11?
15
33 (base 8) to base 7
36
Convert -11 (base 6) to base 15.
-7
What is 15 (base 12) in base 5?
32
What is 3 (base 16) in base 15?
3
Convert 2000 (base 3) to base 14.
3c
What is 0 (base 15) in base 7?
0
-24 (base 9) to base 8
-26
Convert -23 (base 5) to base 7.
-16
What is 15 (base 10) in base 16?
f
Convert 141 (base 15) to base 10.
286
8 (base 13) to base 15
8
What is -9 (base 11) in base 14?
-9
111 (base 8) to base 2
1001001
Convert 5 (base 12) to base 11.
5
Convert -13 (base 10) to base 2.
-1101
What is 1 (base 7) in base 11?
1
Convert 74 (base 15) to base 14.
7b
What is 49 (base 16) in base 5?
243
What is 53 (base 13) in base 2?
1000100
Convert 16 (base 12) to base 4.
102
What is -27 (base 14) in base 2?
-100011
-6 (base 10) to base 2
-110
211 (base 4) to base 14
29
42 (base 5) to base 2
10110
-10 (base 3) to base 10
-3
What is -8 (base 14) in base 9?
-8
-7 (base 14) to base 4
-13
-1211 (base 4) to base 14
-73
Convert -10010 (base 2) to base 15.
-13
What is -101 (base 5) in base 14?
-1c
440 (base 8) to base 4
10200
What is b (base 13) in base 5?
21
3 (base 16) to base 9
3
What is 1 (base 2) in base 11?
1
-1 (base 6) to base 16
-1
What is 122 (base 7) in base 11?
5a
What is -33 (base 5) in base 7?
-24
Convert -16 (base 13) to base 10.
-19
What is -75 (base 10) in base 15?
-50
Convert -26 (base 11) to base 4.
-130
2 (base 14) to base 2
10
What is -3 (base 16) in base 14?
-3
What is 125 (base 12) in base 8?
255
-101 (base 8) to base 11
-5a
-15 (base 16) to base 15
-16
Convert -5 (base 11) to base 13.
-5
What is -55 (base 8) in base 6?
-113
What is 3 (base 15) in base 14?
3
-64 (base 14) to base 9
-107
Convert 14 (base 13) to base 12.
15
What is 0 (base 10) in base 16?
0
Convert -5 (base 7) to base 14.
-5
b (base 12) to base 7
14
What is 1 (base 10) in base 9?
1
Convert -101 (base 2) to base 16.
-5
-101 (base 4) to base 3
-122
Convert -5 (base 12) to base 13.
-5
-4 (base 12) to base 13
-4
-8 (base 15) to base 2
-1000
Convert -13 (base 4) to base 12.
-7
Convert 56 (base 10) to base 9.
62
Convert -4 (base 8) to base 5.
-4
What is 0 (base 16) in base 8?
0
Convert -6 (base 11) to base 4.
-12
17 (base 15) to base 16
16
Convert 120 (base 3) to base 14.
11
What is -22 (base 6) in base 13?
-11
Convert -10 (base 3) to base 9.
-3
What is 1 (base 6) in base 13?
1
What is 0 (base 8) in base 14?
0
Convert -210 (base 4) to base 7.
-51
What is 53 (base 15) in base 3?
2220
6 (base 14) to base 13
6
What is 4 (base 13) in base 15?
4
Convert -241 (base 7) to base 2.
-1111111
Convert -52 (base 7) to base 9.
-41
Convert 11121 (base 3) to base 14.
8c
-453 (base 8) to base 14
-175
1121 (base 5) to base 11
137
What is 12221 (base 3) in base 15?
aa
Convert -1 (base 13) to base 8.
-1
What is 12 (base 6) in base 16?
8
What is d8 (base 14) in base 7?
361
-10 (base 2) to base 7
-2
What is 2 (base 14) in base 3?
2
Convert -1111 (base 3) to base 9.
-44
-1 (base 5) to base 16
-1
Convert -3 (base 6) to base 3.
-10
Convert 25 (base 13) to base 10.
31
1 (base 3) to base 14
1
Convert -220 (base 7) to base 15.
-77
What is 5 (base 8) in base 2?
101
Convert -4 (base 8) to base 2.
-100
What is -92 (base 12) in base 11?
-a0
-2 (base 16) to base 7
-2
Convert -2 (base 14) to base 5.
-2
What is 20 (base 4) in base 10?
8
-a (base 12) to base 6
-14
Convert 0 (base 13) to base 8.
0
Convert -42 (base 5) to base 9.
-24
-11 (base 10) to base 6
-15
-134 (base 6) to base 5
-213
44 (base 8) to base 11
33
-1222 (base 3) to base 2
-110101
Convert 1 (base 7) to base 3.
1
-1001100 (base 2) to base 4
-1030
What is -123 (base 5) in base 12?
-32
Convert 3 (base 8) to base 11.
3
What is -313 (base 7) in base 13?
-c1
What is 1 (base 14) in base 15?
1
What is 38 (base 14) in base 7?
101
231 (base 5) to base 14
4a
What is -4 (base 15) in base 14?
-4
-b (base 12) to base 5
-21
Convert 63 (base 11) to base 9.
76
Convert -ac (base 16) to base 2.
-10101100
What is 1 (base 12) in base 16?
1
What is -8 (base 12) in base 8?
-10
What is -2 (base 6) in base 9?
-2
120 (base 4) to base 5
44
4 (base 8) to base 7
4
Convert 1 (base 13) to base 9.
1
-94 (base 10) to base 15
-64
Convert -10 (base 3) to base 13.
-3
What is -a (base 14) in base 6?
-14
What is -32 (base 14) in base 7?
-62
What is -5 (base 10) in base 8?
-5
Convert -11 (base 9) to base 12.
-a
2 (base 6) to base 8
2
Convert -44 (base 12) to base 13.
-40
30 (base 14) to base 12
36
What is 38 (base 15) in base 12?
45
What is 101 (base 2) in base 5?
10
-11 (base 2) to base 8
-3
Convert -21 (base 6) to base 2.
-1101
Convert 1200 (base 6) to base 4.
10200
Convert 4 (base 8) to base 5.
4
Convert -1 (base 8) to base 4.
-1
What is 6 (base 7) in base 13?
6
Convert -10 (base 7) to base 14.
-7
-3 (base 6) to base 2
-11
5 (base 15) to base 12
5
-264 (base 7) to base 8
-220
Convert -11 (base 10) to base 4.
-23
What is -222 (base 3) in base 2?
-11010
Convert 4 (base 12) to base 7.
4
42 (base 8) to base 7
46
Convert 5 (base 14) to base 6.
5
0 (base 9) to base 12
0
-2221 (base 4) to base 15
-b4
What is 